 - 142. Calculate m(52).
274
Let w(j) = 4*j**2 + 2765*j + 130590. What is w(-51)?
-21
Let z(j) = 70*j**2 + 26456*j - 1513. Calculate z(-378).
-1
Let z(i) = 1064*i - 444542. What is z(418)?
210
Let p(v) = -12*v**3 - 87*v**2 - 30*v + 2. What is p(-7)?
65
Let n(m) = -13*m**3 - 15*m**2 + 34*m - 4. Calculate n(2).
-100
Let s(c) = -324*c - 16494. What is s(-51)?
30
Let f(n) = -1765*n - 437756. What is f(-248)?
-36
Let k(g) = -490*g + 5153. Determine k(14).
-1707
Let w(j) = 17*j**3 + 6*j**2 - 3284*j + 3278. Give w(1).
17
Let d(j) = -j**3 + 31*j**2 + 15416*j - 734201. Give d(51).
-5
Let h(p) = -30*p**2 - 809*p + 148. What is h(-27)?
121
Let n(f) = -6440*f - 18056. Calculate n(-3).
1264
Let o(c) = -573*c - 315. Give o(-1).
258
Let f(i) = 21*i + 1406. Give f(59).
2645
Let k(b) = b**3 - 15*b**2 - 67*b + 252. Determine k(9).
-837
Let p(r) = r**2 + 41023*r + 246090. Give p(-6).
-12
Let b(j) = 8583*j + 1278898. Determine b(-149).
31
Let j(m) = m**2 + 44*m + 80. What is j(3)?
221
Let u(y) = 5*y**2 + 110*y - 428. Determine u(-19).
-713
Let u(c) = -4420*c - 177304. Give u(-40).
-504
Let d(p) = -14*p**3 - 6*p**2 + 98*p - 91. Determine d(1).
-13
Let y(x) = 42*x - 3822. What is y(41)?
-2100
Let w(j) = 258*j + 3060. Determine w(-12).
-36
Let v(z) = -2*z**3 - 96*z**2 + 47*z - 7653. Determine v(-50).
-3
Let t(r) = 39203*r + 666508. Determine t(-17).
57
Let x(q) = -q**3 - 16*q**2 + 1365*q + 23974. What is x(-18)?
52
Let m(k) = 4*k**3 + 59*k**2 - 249*k - 722. Determine m(-2).
-20
Let d(t) = 2607*t - 180605. Determine d(69).
-722
Let p(m) = -71723*m - 286894. Calculate p(-4).
-2
Let x(a) = 2*a**2 + 1231*a + 45099. Give x(-39).
132
Let y(t) = -373*t**3 + 2986*t**2 - 41*t + 105. Give y(8).
-95
Let t(d) = -2*d**3 - 349*d**2 + 5263*d + 2. Determine t(14).
-208
Let h(r) = -92*r**2 - 490*r + 305. Determine h(-6).
-67
Let y(b) = -b**3 + 33*b**2 - 716*b + 34439. Give y(38).
11
Let z(o) = 112623*o - 4392293. Calculate z(39).
4
Let l(n) = -12*n**2 + 531*n - 2670. What is l(5)?
-315
Let c(n) = n**3 + 50*n**2 + 330*n + 856. Calculate c(-43).
-391
Let s(p) = 10*p**3 + 65*p**2 - 75*p + 1. Determine s(1).
1
Let b(t) = 5*t**3 + 66*t**2 - 288*t - 3484. Give b(-13).
429
Let d(q) = -2*q**3 + 364*q**2 - 1472*q + 8558. Determine d(178).
14
Let k(j) = -139*j - 18991. Calculate k(-137).
52
Let s(g) = g**3 + 31*g**2 + 306*g - 56. Give s(-9).
-1028
Let r(p) = -p**2 + 249*p + 10894. What is r(288)?
-338
Let x(i) = -536*i**2 - 4319*i - 254. Give x(-8).
-6
Let w(c) = -7*c**3 - 772*c**2 - 220*c - 142. What is w(-110)?
-142
Let a(h) = -211*h - 584. Give a(-3).
49
Let u(c) = c**2 + 880*c + 175080. Determine u(-576).
-24
Let h(k) = -59*k + 2030. Calculate h(39).
-271
Let u(r) = 17*r**2 - 403*r - 304. Give u(25).
246
Let v(z) = z**2 + 128*z + 688. Give v(-125).
313
Let l(f) = f**3 - 53*f**2 - 626*f - 249. What is l(63)?
3
Let i(s) = 1700*s**2 - 10160*s - 241. Determine i(6).
-1
Let i(k) = -34*k**2 - 29721*k - 264735. Determine i(-9).
0
Let x(i) = i**2 - 49*i + 180. Give x(4).
0
Let v(u) = -12*u + 4268. Give v(71).
3416
Let d(j) = j**3 - 109*j**2 + 167*j + 5405. What is d(107)?
376
Let i(r) = -414*r - 21995. What is i(-55)?
775
Let z(h) = h**2 + 554*h - 68459. What is z(104)?
-27
Let w(o) = 313*o**2 + 239*o + 228. Determine w(-1).
302
Let a(v) = -v**2 - 25179*v + 50359. Give a(2).
-3
Let l(p) = 2*p**3 - 262*p**2 + 704*p - 24258. Give l(129).
-6
Let f(r) = -r**3 + 232*r**2 - 10436*r + 855. Give f(171).
0
Let c(b) = -910*b + 2748. Give c(3).
18
Let k(p) = p**3 + 8*p**2 + 12391*p + 61866. Give k(-5).
-14
Let v(w) = -286742*w - 2293997. What is v(-8)?
-61
Let o(i) = -26*i**2 + 56*i - 5. Calculate o(3).
-71
Let z(q) = 1455*q - 24694. Give z(17).
41
Let m(o) = 9*o**3 + 2213*o**2 - 218*o + 6878. Give m(-246).
-10
Let t(k) = -46*k**2 - 205*k + 256943. Determine t(-77).
-6
Let y(g) = -3*g**2 + 71*g + 15094. Calculate y(-60).
34
Let u(x) = -x**3 + 9*x**2 + 242*x - 119. Determine u(21).
-329
Let v(b) = -13566*b + 94964. Calculate v(7).
2
Let a(n) = 2063*n**3 + n**2 + 5*n - 1. Give a(-1).
-2068
Let x(w) = -66*w**2 - 8837*w + 503. What is x(-134)?
-435
Let d(h) = -1881*h - 1154905. Calculate d(-614).
29
Let y(i) = 86*i**2 + 28287*i - 2312. Calculate y(-329).
-9
Let m(z) = 17*z - 2985. Give m(101).
-1268
Let m(g) = -2*g**3 + 28*g**2 + 16*g - 761. Give m(13).
-215
Let h(i) = 2312*i**3 + 14*i**2 + 18*i + 4. What is h(-1)?
-2312
Let d(x) = -4395*x**2 - 61531*x - 15. Give d(-14).
-1
Let y(d) = -19386*d - 58679. Determine y(-3).
-521
Let b(t) = -8*t**2 + 893*t - 4689. Give b(105).
876
Let f(v) = 29*v**2 + 6549*v - 1136. What is f(-226)?
-6
Let h(a) = -3889*a + 81664. What is h(21)?
-5
Let v(w) = -27*w**2 + 3527*w - 3524. Give v(1).
-24
Let t(p) = 2*p**3 + 4*p**2 - 14621*p + 87144. Give t(6).
-6
Let y(w) = 6*w**2 - 125*w - 2518. Give y(-13).
121
Let h(d) = -137*d - 5051. Calculate h(-60).
3169
Let o(t) = -3598*t + 1579527. Give o(439).
5
Let x(i) = -3*i**3 - 40*i**2 + 3434*i - 7464. What is x(-42)?
12
Let y(p) = p**3 - 18*p**2 - 50*p + 115. Calculate y(20).
-85
Let h(i) = 53*i + 173. What is h(-4)?
-39
Let m(r) = -2842*r + 315460. Determine m(111).
-2
Let a(h) = -39796*h + 517344. Give a(13).
-4
Let g(q) = 2*q**3 + 39*q**2 - 152*q + 51. Calculate g(3).
0
Let y(h) = -9*h**2 + 1405*h + 2838. Determine y(-2).
-8
Let m(n) = -1795*n + 5743. Give m(3).
358
Let m(v) = 22*v**3 + 9*v**2 - 508*v + 1871. What is m(4)?
1391
Let l(k) = -797*k + 134724. Determine l(169).
31
Let d(r) = -r**2 + 1135096*r - 10215787. Determine d(9).
-4
Let f(l) = -2*l**2 - 2562*l + 2100489. What is f(568)?
25
Let n(g) = -7*g**3 + 29*g**2 + 125*g - 67. Give n(-5).
908
Let s(h) = 12*h**2 + 148*h - 9. Determine s(-10).
-289
Let j(z) = -23*z**3 + 2216*z**2 + 6037*z + 188. What is j(99)?
-10
Let l(u) = -u**3 - 52*u**2 + 90531*u + 998. Determine l(-328).
14
Let n(m) = 8283*m + 215143. What is n(-26)?
-215
Let b(d) = -13*d**2 + 365*d - 37. What is b(28)?
-9
Let q(j) = -3*j**3 + 274*j**2 - 1134*j + 251. Determine q(87).
-10
Let i(u) = 54*u - 4736. What is i(103)?
826
Let d(k) = 240*k + 210. Calculate d(-5).
-990
Let c(i) = 2020*i - 78776. Calculate c(39).
4
Let b(c) = 447*c - 5372. What is b(12)?
-8
Let u(f) = 6639*f - 46482. What is u(7)?
-9
Let o(c) = c**3 + 174*c**2 + 413*c - 17050. Determine o(-171).
50
Let s(g) = 9*g**2 - 310*g - 505. Calculate s(36).
-1
Let a(r) = -2*r**2 + 8321*r - 24945. Calculate a(3).
0
Let v(p) = -30429*p - 152143. Give v(-5).
2
Let y(b) = 723*b**3 - 11*b**2 + b - 3. Give y(-1).
-738
Let f(y) = -y**2 + 633986*y - 3803883. Determine f(6).
-3
Let j(p) = -10*p**3 + 19*p**2 + 12*p + 32. Determine j(-6).
2804
Let f(t) = t**3 - 13*t**2 - t - 58. Determine f(12).
-214
Let g(v) = 2*v**3 - 22*v**2 + 134*v + 277. Calculate g(9).
1159
Let o(c) = c**3 - 254*c**2 - 1200*c - 749. Determine o(-4).
-77
Let r(x) = 8*x**2 - 128*x - 646. What is r(23)?
642
Let g(r) = -r**3 + 134*r**2 - 22*r + 1500. What is g(134)?
-1448
Let g(x) = 2453*x + 1351604. Determine g(-551).
1
Let k(l) = -l**3 - 4*l**2 + 76*l - 138. Give k(4).
38
Let l(o) = 4*o**2 - 289*o - 3134. Determine l(81).
-299
Let m(y) = -140*y**2 - 4347*y + 70. Calculate m(-31).
287
Let i(q) = 4*q**2 - 3283*q + 16530. What is i(5)?
215
Let q(t) = 243*t + 8300. Give q(-34).
38
Let t(m) = -9*m**3 + 51*m**2 + 149*m - 879. What is t(5)?
16
Let f(s) = s**2 - 4399*s - 1878104. What is f(-392)?
-32
Let f(y) = 12*y**2 + 1898*y + 65014. Give f(-108).
-2
Let c(j) = -4*j**3 + 21*j**2 + 159*j + 21. Give c(-4).
-23
Let a(p) = 2*p**3 - 43*p**2 - 5124*p + 90. Determine a(-41).
49
Let g(h) = -h**3 - 29*h**2 + 34*h + 531. Calculate g(-29).
-455
Let h(m) = m**2 + 1217*m - 433428. What is h(-1505)?
12
Let r(l) = 2*l**2 + 11234*l + 112169. What is r(-10)?
29
Let m(f) = 2*f**2 - 3637*f + 350016. Calculate m(102).
-150
Let q(j) = 32490*j + 32496. Determine q(-1).
6
Let l(r) = 120*r**3 - 222*r**2 - 28*r - 6. Give l(2).
10
Let f(d) = 10*d**3 + 247*d**2 - 15*d + 1021. Give f(-25).
-479
Let j(b) = -b**3 - 69*b**2 - 77*b - 884. Give j(-68).
-272
Let m(h) = -3*h**3 + 16*h**2 - 27*h + 72. Give m(10).
-1598
Let b(y) = -y**3 + 407*y**2 - 2021*y + 4362. Determine b(402).
-60
Let u(g) = -38*g**2 + 17091*g + 4319. Determine u(450).
269
Let o(c) = -87*c**2 + 4280*c + 3340. Give o(50).
-160
Let v(w) = -3*w**3 - 827*w**2 - 56943*w - 1